or of 132538?
False
Does 28 divide 1720383?
False
Is 2772 a multiple of 3?
True
Is 1045074 a multiple of 23?
True
Is 9540 even?
True
Is 60 a factor of 326774?
False
Is 22353597 a multiple of 31?
False
Is 65232 a multiple of 216?
True
Does 235 divide 415715?
True
Is 28308 a multiple of 18?
False
Is 276471 a multiple of 13?
True
Does 161 divide 11980171?
True
Does 15 divide 6495?
True
Is 948717 a multiple of 777?
True
Does 555 divide 2599903?
False
Does 15 divide 3046890?
True
Does 26 divide 16276?
True
Does 889 divide 10297325?
False
Does 332 divide 1023888?
True
Is 1084226 a multiple of 490?
False
Is 3992258 a multiple of 65?
False
Is 90216 a multiple of 36?
True
Is 144 a factor of 276192?
True
Does 8 divide 920?
True
Is 21163 a multiple of 102?
False
Does 91 divide 1090180?
True
Is 201928 a multiple of 8?
True
Does 31 divide 511835?
False
Is 9 a factor of 790128?
True
Is 8 a factor of 67630?
False
Is 2067037 a multiple of 416?
False
Is 16 a factor of 262576?
True
Is 15533133 a multiple of 7?
True
Is 112513 a multiple of 201?
False
Does 735 divide 16075185?
True
Is 17 a factor of 25942?
True
Is 11896 a multiple of 90?
False
Is 700392 a multiple of 22?
True
Is 9 a factor of 243783?
True
Does 18 divide 253170?
True
Is 388 a factor of 1702156?
True
Is 22518 a multiple of 54?
True
Does 565 divide 868029?
False
Does 10 divide 511700?
True
Does 5 divide 746862?
False
Is 4124475 a multiple of 575?
True
Does 120 divide 15078600?
True
Does 293 divide 157676?
False
Is 188 a factor of 5140088?
False
Is 553 a factor of 95669?
True
Is 3083426 a multiple of 34?
True
Is 44740 a multiple of 14?
False
Is 36 a factor of 493952?
False
Is 815724 a multiple of 12?
True
Is 968 a factor of 1223522?
False
Does 2 divide 35800?
True
Is 636 a factor of 1745395?
False
Is 2565 even?
False
Is 3 a factor of 664928?
False
Is 3939 a multiple of 101?
True
Is 278 a factor of 1589326?
True
Is 34 a factor of 8285102?
False
Is 4207736 a multiple of 46?
False
Does 859 divide 3448026?
True
Is 9 a factor of 6716?
False
Is 6 a factor of 63810?
True
Does 202 divide 806146?
False
Is 37173 a multiple of 12?
False
Is 5391200 a multiple of 1172?
True
Is 23 a factor of 604187?
True
Is 33 a factor of 8778?
True
Is 365343 a multiple of 11?
True
Is 242 a factor of 5245478?
False
Is 85590 a multiple of 317?
True
Is 58 a factor of 39730?
True
Is 674472 a multiple of 716?
True
Does 51 divide 42154?
False
Is 537108 a multiple of 12?
True
Does 13 divide 4103424?
True
Is 116 a factor of 31195880?
True
Is 175642 a multiple of 46?
False
Is 1575787 a multiple of 18?
False
Is 79 a factor of 102253?
False
Does 63 divide 1283751?
True
Does 13 divide 8405837?
False
Does 7 divide 1303987?
False
Is 21 a factor of 4031121?
False
Is 4015755 a multiple of 383?
True
Does 84 divide 3378648?
True
Does 150 divide 1622?
False
Is 14 a factor of 1292152?
False
Is 943180 a multiple of 434?
False
Is 228125 a multiple of 16?
False
Does 91 divide 446411?
False
Is 111267 a multiple of 46?
False
Does 431 divide 228861?
True
Is 65949 a multiple of 267?
True
Does 11 divide 500989?
False
Does 723 divide 2069949?
True
Is 42640 a multiple of 41?
True
Is 6695080 a multiple of 10?
True
Is 394862 a multiple of 29?
False
Is 98556 a multiple of 39?
False
Is 2 a factor of 3308734?
True
Is 48 a factor of 95088?
True
Is 94 a factor of 2617634?
False
Does 563 divide 1136507?
False
Is 5070975 a multiple of 175?
True
Is 1668240 a multiple of 240?
True
Is 281960 a multiple of 424?
True
Is 9 a factor of 149683?
False
Does 20 divide 3414620?
True
Is 188 a factor of 4049571?
False
Does 920 divide 2991111?
False
Is 6 a factor of 69108?
True
Does 173 divide 13214605?
True
Does 10 divide 1186373?
False
Is 4 a factor of 126816?
True
Is 6 a factor of 24210?
True
Is 362357 a multiple of 475?
False
Is 10197905 a multiple of 111?
False
Is 88 a factor of 425128?
True
Is 23 a factor of 118956?
True
Is 6743637 a multiple of 8?
False
Is 17038 a multiple of 14?
True
Does 26 divide 117572?
True
Is 212050 a multiple of 41?
False
Does 601 divide 6673216?
False
Is 22 a factor of 94119?
False
Does 33 divide 2303915?
False
Is 1056816 a multiple of 972?
False
Does 12 divide 632340?
True
Is 12055560 a multiple of 330?
True
Is 134 a factor of 238641?
False
Is 14 a factor of 1058844?
False
Does 255 divide 1245420?
True
Is 4164930 a multiple of 18?
True
Is 739420 a multiple of 65?
False
Does 42 divide 848232?
True
Does 19 divide 44322?
False
Is 26 a factor of 188318?
True
Is 1251128 a multiple of 172?
True
Is 85 a factor of 188190?
True
Does 64 divide 163316?
False
Is 3912888 a multiple of 56?
True
Is 34001 a multiple of 9?
False
Does 7 divide 604100?
True
Is 32921 a multiple of 6?
False
Is 607614 a multiple of 21?
True
Is 87 a factor of 132451?
False
Does 202 divide 447834?
True
Is 74930 a multiple of 10?
True
Is 454710 a multiple of 46?
True
Does 125 divide 4128274?
False
Is 2178365 a multiple of 109?
True
Is 114118 a multiple of 238?
False
Does 36 divide 3078885?
False
Is 139992 a multiple of 430?
False
Is 46 a factor of 272758?
False
Is 108299 a multiple of 202?
False
Does 13 divide 118820?
True
Is 535952 a multiple of 43?
True
Is 13 a factor of 358072?
True
Is 10 a factor of 357780?
True
Is 21985 a multiple of 99?
False
Is 28 a factor of 42316?
False
Does 304 divide 1689200?
False
Is 22 a factor of 1702272?
True
Does 10 divide 60995?
False
Is 81 a factor of 2745825?
False
Is 289360 a multiple of 8?
True
Is 18 a factor of 14598216?
True
Is 164787 a multiple of 7?
True
Does 180 divide 1916280?
True
Is 29 a factor of 60843?
False
Does 59 divide 26609?
True
Is 12782857 a multiple of 14?
False
Is 11832952 a multiple of 155?
False
Is 71 a factor of 67663?
True
Is 4337958 a multiple of 142?
True
Does 664 divide 3077640?
True
Is 5559609 a multiple of 598?
False
Does 247 divide 2691128?
False
Is 613643 a multiple of 47?
False
Is 24055642 a multiple of 11?
False
Is 156 a factor of 5229588?
True
Is 216056 a multiple of 226?
True
Is 198149 a multiple of 7?
True
Is 21 a factor of 14965293?
True
Is 1326903 a multiple of 18?
False
Is 86 a factor of 65188?
True
Is 211 a factor of 39397?
False
Is 1762944 a multiple of 105?
False
Is 121 a factor of 9928?
False
Is 252417 a multiple of 337?
False
Is 361 a factor of 890948?
True
Is 127 a factor of 675259?
True
Is 2840110 a multiple of 70?
True
Is 352 a factor of 560384?
True
Is 703 a factor of 1120588?
False
Does 170 divide 12085640?
True
Does 56 divide 7449935?
False
Is 270081 a multiple of 27?
True
Is 4921765 a multiple of 64?
False
Does 52 divide 824460?
True
Does 68 divide 5134136?
True
Is 665 a factor of 241447?
False
Does 188 divide 3453748?
True
Is 56 a factor of 2521456?
True
Is 4722018 a multiple of 42?
True
Is 1560 a factor of 8116680?
True
Is 50988 a multiple of 28?
True
Does 3 divide 4840820?
False
Does 98 divide 5739076?
True
Does 29 divide 239076?
True
Is 267859 a multiple of 277?
True
Is 408192 a multiple of 16?
True
Is 127 a factor of 7631049?
True
Is 1152747 a multiple of 349?
True
Does 2 divide 31608?
True
Is 14811995 a multiple of 215?
True
Is 3306545 a multiple of 31?
False
Does 1437 divide 2923036?
False
Does 27 divide 461223?
False
Is 5003202 a multiple of 102?
True
Is 2163981 a multiple of 17?
True
Does 326 divide 256727?
False
Is 10802260 a multiple of 262?
True
Does 85 divide 7550159?
False
Is 113456 a multiple of 16?
True
Is 3 a factor of 211293?
True
Does 16 divide 1107664?
True
Is 43 a factor of 18490?
True
Is 963 a factor of 3672882?
True
Is 122 a factor of 153764?
False
Does 522 divide 287924?
False
Is 224338 a multiple of 2?
True
Is 41 a factor of 328865?
False
Does 362 divide 2421418?
True
Is 933306 a multiple of 179?
True
Is 165 a factor of 1437975?
True
Is 646425 a multiple of 564?
False
Does 383 divide 238188?
False
Does 109 divide 83930?
True
Is 7656516 a multiple of 46?
True
Is 123552 a multiple of 26?
True
Is 27 a factor of 2267298?
True
Is 4024832 a multiple of 581?
False
Does 22 divide 642928?
True
Does 1725 divide 15880350?
True
Is 242 a factor of 3652264?
True
Is 5 a factor of 65240?
True
Does 56 divide 303296?
True
Does 340 divide 1674337?
False
Is 87825 a multiple of 25?
True
Is 144 a factor of 3677472?
True
Is 35 a factor of 20422659?
False
Does 187 divide 227766?
True
Is 33920 a mul